{"id":1192,"date":"2026-02-26T15:01:16","date_gmt":"2026-02-26T14:01:16","guid":{"rendered":"https:\/\/capscrea.com\/?post_type=product&#038;p=1192"},"modified":"2026-02-26T15:08:14","modified_gmt":"2026-02-26T14:08:14","slug":"pochette-capsules-elsa-noir-et-caramel","status":"publish","type":"product","link":"https:\/\/capscrea.com\/index.php\/produit\/pochette-capsules-elsa-noir-et-caramel\/","title":{"rendered":"POCHETTE CAPSULES : ELSA Noir et Caramel"},"content":{"rendered":"<p data-start=\"0\" data-end=\"232\">R\u00e9alis\u00e9e en 12 heures \u00e0 partir de 748 capsules de canettes recycl\u00e9es \u2014 lav\u00e9es, d\u00e9sinfect\u00e9es et minutieusement calibr\u00e9es \u2014 cette cr\u00e9ation d\u2019exception est assembl\u00e9e au crochet avec un coton Noir et Caramel soigneusement s\u00e9lectionn\u00e9.<\/p>\n<p data-start=\"234\" data-end=\"348\">Son allure r\u00e9solument luxueuse et sa texture subtilement raffin\u00e9e au toucher r\u00e9v\u00e8lent une \u00e9l\u00e9gance intemporelle.<\/p>\n<p data-start=\"350\" data-end=\"458\" data-is-last-node=\"\" data-is-only-node=\"\">Enti\u00e8rement fa\u00e7onn\u00e9e \u00e0 la main, elle se distingue par des finitions artisanales d\u2019une pr\u00e9cision remarquable.<\/p>\n<p data-start=\"350\" data-end=\"458\" data-is-last-node=\"\" data-is-only-node=\"\">Fermeture \u00e0 glissi\u00e8re<\/p>\n<p data-start=\"350\" data-end=\"458\" data-is-last-node=\"\" data-is-only-node=\"\">Int\u00e9rieur doubl\u00e9<\/p>\n<p data-start=\"350\" data-end=\"458\" data-is-last-node=\"\" data-is-only-node=\"\">Tr\u00e8s l\u00e9ger = 265 Gr<\/p>\n<p data-start=\"350\" data-end=\"458\" data-is-last-node=\"\" data-is-only-node=\"\">Larg. 25 cm Ht 12 cm Epais. 3.5 cm<\/p>\n<p data-start=\"350\" data-end=\"458\" data-is-last-node=\"\" data-is-only-node=\"\">Lavage manuel \u00e0 basse temp\u00e9rature<\/p>\n","protected":false},"excerpt":{"rendered":"<p>R\u00e9alis\u00e9e en 12 heures \u00e0 partir de 748 capsules de canettes recycl\u00e9es \u2014 lav\u00e9es, d\u00e9sinfect\u00e9es et minutieusement calibr\u00e9es \u2014 cette cr\u00e9ation d\u2019exception est assembl\u00e9e au crochet avec un coton Noir et Caramel soigneusement s\u00e9lectionn\u00e9. Son allure r\u00e9solument luxueuse et sa texture subtilement raffin\u00e9e au toucher r\u00e9v\u00e8lent une \u00e9l\u00e9gance intemporelle. Enti\u00e8rement fa\u00e7onn\u00e9e \u00e0 la main, elle [&hellip;]<\/p>\n","protected":false},"featured_media":1193,"comment_status":"open","ping_status":"closed","template":"","meta":[],"product_brand":[],"product_cat":[21],"product_tag":[],"class_list":{"0":"post-1192","1":"product","2":"type-product","3":"status-publish","4":"has-post-thumbnail","6":"product_cat-pochettes","8":"first","9":"instock","10":"taxable","11":"shipping-taxable","12":"purchasable","13":"product-type-simple"},"yoast_head":"<!-- This site is optimized with the Yoast SEO plugin v27.4 - https:\/\/yoast.com\/product\/yoast-seo-wordpress\/ -->\n<title>POCHETTE CAPSULES : ELSA Noir et Caramel - CAPS CREA<\/title>\n<meta name=\"description\" content=\"La pochette ELSA sera indispensable \u00e0 votre garde robes : elle conviendra \u00e0 toutes vos tenues. Chic et moderne, elle enveloppe votre main avec \u00e9l\u00e9gance.\" \/>\n<meta name=\"robots\" content=\"index, follow, max-snippet:-1, max-image-preview:large, max-video-preview:-1\" \/>\n<link rel=\"canonical\" href=\"https:\/\/capscrea.com\/index.php\/produit\/pochette-capsules-elsa-noir-et-caramel\/\" \/>\n<meta property=\"og:locale\" content=\"fr_FR\" \/>\n<meta property=\"og:type\" content=\"article\" \/>\n<meta property=\"og:title\" content=\"POCHETTE CAPSULES : ELSA Noir et Caramel - CAPS CREA\" \/>\n<meta property=\"og:description\" content=\"La pochette ELSA sera indispensable \u00e0 votre garde robes : elle conviendra \u00e0 toutes vos tenues. Chic et moderne, elle enveloppe votre main avec \u00e9l\u00e9gance.\" \/>\n<meta property=\"og:url\" content=\"https:\/\/capscrea.com\/index.php\/produit\/pochette-capsules-elsa-noir-et-caramel\/\" \/>\n<meta property=\"og:site_name\" content=\"CAPS CREA\" \/>\n<meta property=\"article:publisher\" content=\"https:\/\/capscrea.com\" \/>\n<meta property=\"article:modified_time\" content=\"2026-02-26T14:08:14+00:00\" \/>\n<meta property=\"og:image\" content=\"https:\/\/capscrea.com\/wp-content\/uploads\/2026\/02\/ELSA-Noir-Caramel-600-20260214_113150.jpg\" \/>\n\t<meta property=\"og:image:width\" content=\"600\" \/>\n\t<meta property=\"og:image:height\" content=\"450\" \/>\n\t<meta property=\"og:image:type\" content=\"image\/jpeg\" \/>\n<meta name=\"twitter:card\" content=\"summary_large_image\" \/>\n<meta name=\"twitter:site\" content=\"@capscrea\" \/>\n<meta name=\"twitter:label1\" content=\"Dur\u00e9e de lecture estim\u00e9e\" \/>\n\t<meta name=\"twitter:data1\" content=\"1 minute\" \/>\n<script type=\"application\/ld+json\" class=\"yoast-schema-graph\">{\"@context\":\"https:\\\/\\\/schema.org\",\"@graph\":[{\"@type\":\"WebPage\",\"@id\":\"https:\\\/\\\/capscrea.com\\\/index.php\\\/produit\\\/pochette-capsules-elsa-noir-et-caramel\\\/\",\"url\":\"https:\\\/\\\/capscrea.com\\\/index.php\\\/produit\\\/pochette-capsules-elsa-noir-et-caramel\\\/\",\"name\":\"POCHETTE CAPSULES : ELSA Noir et Caramel - CAPS CREA\",\"isPartOf\":{\"@id\":\"https:\\\/\\\/capscrea.com\\\/#website\"},\"primaryImageOfPage\":{\"@id\":\"https:\\\/\\\/capscrea.com\\\/index.php\\\/produit\\\/pochette-capsules-elsa-noir-et-caramel\\\/#primaryimage\"},\"image\":{\"@id\":\"https:\\\/\\\/capscrea.com\\\/index.php\\\/produit\\\/pochette-capsules-elsa-noir-et-caramel\\\/#primaryimage\"},\"thumbnailUrl\":\"https:\\\/\\\/capscrea.com\\\/wp-content\\\/uploads\\\/2026\\\/02\\\/ELSA-Noir-Caramel-600-20260214_113150.jpg\",\"datePublished\":\"2026-02-26T14:01:16+00:00\",\"dateModified\":\"2026-02-26T14:08:14+00:00\",\"description\":\"La pochette ELSA sera indispensable \u00e0 votre garde robes : elle conviendra \u00e0 toutes vos tenues. Chic et moderne, elle enveloppe votre main avec \u00e9l\u00e9gance.\",\"breadcrumb\":{\"@id\":\"https:\\\/\\\/capscrea.com\\\/index.php\\\/produit\\\/pochette-capsules-elsa-noir-et-caramel\\\/#breadcrumb\"},\"inLanguage\":\"fr-FR\",\"potentialAction\":[{\"@type\":\"ReadAction\",\"target\":[\"https:\\\/\\\/capscrea.com\\\/index.php\\\/produit\\\/pochette-capsules-elsa-noir-et-caramel\\\/\"]}]},{\"@type\":\"ImageObject\",\"inLanguage\":\"fr-FR\",\"@id\":\"https:\\\/\\\/capscrea.com\\\/index.php\\\/produit\\\/pochette-capsules-elsa-noir-et-caramel\\\/#primaryimage\",\"url\":\"https:\\\/\\\/capscrea.com\\\/wp-content\\\/uploads\\\/2026\\\/02\\\/ELSA-Noir-Caramel-600-20260214_113150.jpg\",\"contentUrl\":\"https:\\\/\\\/capscrea.com\\\/wp-content\\\/uploads\\\/2026\\\/02\\\/ELSA-Noir-Caramel-600-20260214_113150.jpg\",\"width\":600,\"height\":450},{\"@type\":\"BreadcrumbList\",\"@id\":\"https:\\\/\\\/capscrea.com\\\/index.php\\\/produit\\\/pochette-capsules-elsa-noir-et-caramel\\\/#breadcrumb\",\"itemListElement\":[{\"@type\":\"ListItem\",\"position\":1,\"name\":\"Accueil\",\"item\":\"https:\\\/\\\/capscrea.com\\\/\"},{\"@type\":\"ListItem\",\"position\":2,\"name\":\"Boutique\",\"item\":\"https:\\\/\\\/capscrea.com\\\/index.php\\\/boutique-s\\\/\"},{\"@type\":\"ListItem\",\"position\":3,\"name\":\"POCHETTE CAPSULES : ELSA Noir et Caramel\"}]},{\"@type\":\"WebSite\",\"@id\":\"https:\\\/\\\/capscrea.com\\\/#website\",\"url\":\"https:\\\/\\\/capscrea.com\\\/\",\"name\":\"CAPS CREA\",\"description\":\"Rien ne se perd tout se transforme !\",\"publisher\":{\"@id\":\"https:\\\/\\\/capscrea.com\\\/#organization\"},\"alternateName\":\"Sacs faits mains\",\"potentialAction\":[{\"@type\":\"SearchAction\",\"target\":{\"@type\":\"EntryPoint\",\"urlTemplate\":\"https:\\\/\\\/capscrea.com\\\/?s={search_term_string}\"},\"query-input\":{\"@type\":\"PropertyValueSpecification\",\"valueRequired\":true,\"valueName\":\"search_term_string\"}}],\"inLanguage\":\"fr-FR\"},{\"@type\":\"Organization\",\"@id\":\"https:\\\/\\\/capscrea.com\\\/#organization\",\"name\":\"CAPS CREA\",\"url\":\"https:\\\/\\\/capscrea.com\\\/\",\"logo\":{\"@type\":\"ImageObject\",\"inLanguage\":\"fr-FR\",\"@id\":\"https:\\\/\\\/capscrea.com\\\/#\\\/schema\\\/logo\\\/image\\\/\",\"url\":\"https:\\\/\\\/capscrea.com\\\/wp-content\\\/uploads\\\/2024\\\/01\\\/cropped-Design-sans-titre-2.png\",\"contentUrl\":\"https:\\\/\\\/capscrea.com\\\/wp-content\\\/uploads\\\/2024\\\/01\\\/cropped-Design-sans-titre-2.png\",\"width\":500,\"height\":450,\"caption\":\"CAPS CREA\"},\"image\":{\"@id\":\"https:\\\/\\\/capscrea.com\\\/#\\\/schema\\\/logo\\\/image\\\/\"},\"sameAs\":[\"https:\\\/\\\/capscrea.com\",\"https:\\\/\\\/x.com\\\/capscrea\"]}]}<\/script>\n<!-- \/ Yoast SEO plugin. -->","yoast_head_json":{"title":"POCHETTE CAPSULES : ELSA Noir et Caramel - CAPS CREA","description":"La pochette ELSA sera indispensable \u00e0 votre garde robes : elle conviendra \u00e0 toutes vos tenues. Chic et moderne, elle enveloppe votre main avec \u00e9l\u00e9gance.","robots":{"index":"index","follow":"follow","max-snippet":"max-snippet:-1","max-image-preview":"max-image-preview:large","max-video-preview":"max-video-preview:-1"},"canonical":"https:\/\/capscrea.com\/index.php\/produit\/pochette-capsules-elsa-noir-et-caramel\/","og_locale":"fr_FR","og_type":"article","og_title":"POCHETTE CAPSULES : ELSA Noir et Caramel - CAPS CREA","og_description":"La pochette ELSA sera indispensable \u00e0 votre garde robes : elle conviendra \u00e0 toutes vos tenues. Chic et moderne, elle enveloppe votre main avec \u00e9l\u00e9gance.","og_url":"https:\/\/capscrea.com\/index.php\/produit\/pochette-capsules-elsa-noir-et-caramel\/","og_site_name":"CAPS CREA","article_publisher":"https:\/\/capscrea.com","article_modified_time":"2026-02-26T14:08:14+00:00","og_image":[{"width":600,"height":450,"url":"https:\/\/capscrea.com\/wp-content\/uploads\/2026\/02\/ELSA-Noir-Caramel-600-20260214_113150.jpg","type":"image\/jpeg"}],"twitter_card":"summary_large_image","twitter_site":"@capscrea","twitter_misc":{"Dur\u00e9e de lecture estim\u00e9e":"1 minute"},"schema":{"@context":"https:\/\/schema.org","@graph":[{"@type":"WebPage","@id":"https:\/\/capscrea.com\/index.php\/produit\/pochette-capsules-elsa-noir-et-caramel\/","url":"https:\/\/capscrea.com\/index.php\/produit\/pochette-capsules-elsa-noir-et-caramel\/","name":"POCHETTE CAPSULES : ELSA Noir et Caramel - CAPS CREA","isPartOf":{"@id":"https:\/\/capscrea.com\/#website"},"primaryImageOfPage":{"@id":"https:\/\/capscrea.com\/index.php\/produit\/pochette-capsules-elsa-noir-et-caramel\/#primaryimage"},"image":{"@id":"https:\/\/capscrea.com\/index.php\/produit\/pochette-capsules-elsa-noir-et-caramel\/#primaryimage"},"thumbnailUrl":"https:\/\/capscrea.com\/wp-content\/uploads\/2026\/02\/ELSA-Noir-Caramel-600-20260214_113150.jpg","datePublished":"2026-02-26T14:01:16+00:00","dateModified":"2026-02-26T14:08:14+00:00","description":"La pochette ELSA sera indispensable \u00e0 votre garde robes : elle conviendra \u00e0 toutes vos tenues. Chic et moderne, elle enveloppe votre main avec \u00e9l\u00e9gance.","breadcrumb":{"@id":"https:\/\/capscrea.com\/index.php\/produit\/pochette-capsules-elsa-noir-et-caramel\/#breadcrumb"},"inLanguage":"fr-FR","potentialAction":[{"@type":"ReadAction","target":["https:\/\/capscrea.com\/index.php\/produit\/pochette-capsules-elsa-noir-et-caramel\/"]}]},{"@type":"ImageObject","inLanguage":"fr-FR","@id":"https:\/\/capscrea.com\/index.php\/produit\/pochette-capsules-elsa-noir-et-caramel\/#primaryimage","url":"https:\/\/capscrea.com\/wp-content\/uploads\/2026\/02\/ELSA-Noir-Caramel-600-20260214_113150.jpg","contentUrl":"https:\/\/capscrea.com\/wp-content\/uploads\/2026\/02\/ELSA-Noir-Caramel-600-20260214_113150.jpg","width":600,"height":450},{"@type":"BreadcrumbList","@id":"https:\/\/capscrea.com\/index.php\/produit\/pochette-capsules-elsa-noir-et-caramel\/#breadcrumb","itemListElement":[{"@type":"ListItem","position":1,"name":"Accueil","item":"https:\/\/capscrea.com\/"},{"@type":"ListItem","position":2,"name":"Boutique","item":"https:\/\/capscrea.com\/index.php\/boutique-s\/"},{"@type":"ListItem","position":3,"name":"POCHETTE CAPSULES : ELSA Noir et Caramel"}]},{"@type":"WebSite","@id":"https:\/\/capscrea.com\/#website","url":"https:\/\/capscrea.com\/","name":"CAPS CREA","description":"Rien ne se perd tout se transforme !","publisher":{"@id":"https:\/\/capscrea.com\/#organization"},"alternateName":"Sacs faits mains","potentialAction":[{"@type":"SearchAction","target":{"@type":"EntryPoint","urlTemplate":"https:\/\/capscrea.com\/?s={search_term_string}"},"query-input":{"@type":"PropertyValueSpecification","valueRequired":true,"valueName":"search_term_string"}}],"inLanguage":"fr-FR"},{"@type":"Organization","@id":"https:\/\/capscrea.com\/#organization","name":"CAPS CREA","url":"https:\/\/capscrea.com\/","logo":{"@type":"ImageObject","inLanguage":"fr-FR","@id":"https:\/\/capscrea.com\/#\/schema\/logo\/image\/","url":"https:\/\/capscrea.com\/wp-content\/uploads\/2024\/01\/cropped-Design-sans-titre-2.png","contentUrl":"https:\/\/capscrea.com\/wp-content\/uploads\/2024\/01\/cropped-Design-sans-titre-2.png","width":500,"height":450,"caption":"CAPS CREA"},"image":{"@id":"https:\/\/capscrea.com\/#\/schema\/logo\/image\/"},"sameAs":["https:\/\/capscrea.com","https:\/\/x.com\/capscrea"]}]}},"jetpack_sharing_enabled":true,"_links":{"self":[{"href":"https:\/\/capscrea.com\/index.php\/wp-json\/wp\/v2\/product\/1192","targetHints":{"allow":["GET"]}}],"collection":[{"href":"https:\/\/capscrea.com\/index.php\/wp-json\/wp\/v2\/product"}],"about":[{"href":"https:\/\/capscrea.com\/index.php\/wp-json\/wp\/v2\/types\/product"}],"replies":[{"embeddable":true,"href":"https:\/\/capscrea.com\/index.php\/wp-json\/wp\/v2\/comments?post=1192"}],"wp:featuredmedia":[{"embeddable":true,"href":"https:\/\/capscrea.com\/index.php\/wp-json\/wp\/v2\/media\/1193"}],"wp:attachment":[{"href":"https:\/\/capscrea.com\/index.php\/wp-json\/wp\/v2\/media?parent=1192"}],"wp:term":[{"taxonomy":"product_brand","embeddable":true,"href":"https:\/\/capscrea.com\/index.php\/wp-json\/wp\/v2\/product_brand?post=1192"},{"taxonomy":"product_cat","embeddable":true,"href":"https:\/\/capscrea.com\/index.php\/wp-json\/wp\/v2\/product_cat?post=1192"},{"taxonomy":"product_tag","embeddable":true,"href":"https:\/\/capscrea.com\/index.php\/wp-json\/wp\/v2\/product_tag?post=1192"}],"curies":[{"name":"wp","href":"https:\/\/api.w.org\/{rel}","templated":true}]}}