{"id":1159,"date":"2025-12-26T15:36:29","date_gmt":"2025-12-26T14:36:29","guid":{"rendered":"https:\/\/capscrea.com\/?post_type=product&#038;p=1159"},"modified":"2025-12-26T15:41:35","modified_gmt":"2025-12-26T14:41:35","slug":"sac-capsules-lola-gm-caramel","status":"publish","type":"product","link":"https:\/\/capscrea.com\/index.php\/produit\/sac-capsules-lola-gm-caramel\/","title":{"rendered":"sac capsules &#8211; LOLA.  GM Caramel"},"content":{"rendered":"<p>D\u00e9couvrez LOLA :\u00a0 <strong>sac \u00e9co-responsable fabriqu\u00e9 en France<\/strong>, con\u00e7u en 20 h 30 avec 1.440\u00a0 <strong>capsules de canettes recycl\u00e9es,<\/strong> assembl\u00e9es au crochet avec du coton.<\/p>\n<p>Chaque pi\u00e8ce est <strong>unique<\/strong>, r\u00e9alis\u00e9e avec soin dans une d\u00e9marche durable et engag\u00e9e.<\/p>\n<p>Alliant <strong>design original<\/strong>, <strong>\u00e9cologie<\/strong> et <strong>savoir-faire artisanal fran\u00e7ais<\/strong>, ce sac est id\u00e9al pour celles et ceux qui souhaitent consommer autrement, sans compromis sur le style.<\/p>\n<p>\ud83d\udc49 Un accessoire <strong>tendance, responsable et \u00e9thique<\/strong>, parfait pour affirmer ton engagement \u00e9cologique au quotidien.<\/p>\n<p>&nbsp;<\/p>\n<p>Larg. 40 cm Ht 24 cm Bandouli\u00e8re 70 cm &#8211; Poids 490 gr<\/p>\n<p>Int\u00e9rieure doubl\u00e9 &#8211; Fermeture m\u00e9tal<\/p>\n<p>Mati\u00e8res : Capsules alu + coton<\/p>\n","protected":false},"excerpt":{"rendered":"<p>D\u00e9couvrez LOLA :\u00a0 sac \u00e9co-responsable fabriqu\u00e9 en France, con\u00e7u en 20 h 30 avec 1.440\u00a0 capsules de canettes recycl\u00e9es, assembl\u00e9es au crochet avec du coton. Chaque pi\u00e8ce est unique, r\u00e9alis\u00e9e avec soin dans une d\u00e9marche durable et engag\u00e9e. Alliant design original, \u00e9cologie et savoir-faire artisanal fran\u00e7ais, ce sac est id\u00e9al pour celles et ceux qui [&hellip;]<\/p>\n","protected":false},"featured_media":1122,"comment_status":"open","ping_status":"closed","template":"","meta":[],"product_brand":[],"product_cat":[20],"product_tag":[],"class_list":{"0":"post-1159","1":"product","2":"type-product","3":"status-publish","4":"has-post-thumbnail","6":"product_cat-sacs-bandouliere","8":"first","9":"instock","10":"taxable","11":"shipping-taxable","12":"purchasable","13":"product-type-simple"},"yoast_head":"<!-- This site is optimized with the Yoast SEO plugin v27.4 - https:\/\/yoast.com\/product\/yoast-seo-wordpress\/ -->\n<title>sac capsules - LOLA. GM Caramel - CAPS CREA<\/title>\n<meta name=\"description\" content=\"Sac unique en capsules de canettes recycl\u00e9es, fabriqu\u00e9 en France. Accessoire durable, \u00e9cologique et artisanal au design original.\" \/>\n<meta name=\"robots\" content=\"index, follow, max-snippet:-1, max-image-preview:large, max-video-preview:-1\" \/>\n<link rel=\"canonical\" href=\"https:\/\/capscrea.com\/index.php\/produit\/sac-capsules-lola-gm-caramel\/\" \/>\n<meta property=\"og:locale\" content=\"fr_FR\" \/>\n<meta property=\"og:type\" content=\"article\" \/>\n<meta property=\"og:title\" content=\"sac capsules - LOLA. GM Caramel - CAPS CREA\" \/>\n<meta property=\"og:description\" content=\"Sac unique en capsules de canettes recycl\u00e9es, fabriqu\u00e9 en France. Accessoire durable, \u00e9cologique et artisanal au design original.\" \/>\n<meta property=\"og:url\" content=\"https:\/\/capscrea.com\/index.php\/produit\/sac-capsules-lola-gm-caramel\/\" \/>\n<meta property=\"og:site_name\" content=\"CAPS CREA\" \/>\n<meta property=\"article:publisher\" content=\"https:\/\/capscrea.com\" \/>\n<meta property=\"article:modified_time\" content=\"2025-12-26T14:41:35+00:00\" \/>\n<meta property=\"og:image\" content=\"https:\/\/capscrea.com\/wp-content\/uploads\/2025\/11\/LOLA1-1-scaled.jpg\" \/>\n\t<meta property=\"og:image:width\" content=\"1920\" \/>\n\t<meta property=\"og:image:height\" content=\"2560\" \/>\n\t<meta property=\"og:image:type\" content=\"image\/jpeg\" \/>\n<meta name=\"twitter:card\" content=\"summary_large_image\" \/>\n<meta name=\"twitter:site\" content=\"@capscrea\" \/>\n<meta name=\"twitter:label1\" content=\"Dur\u00e9e de lecture estim\u00e9e\" \/>\n\t<meta name=\"twitter:data1\" content=\"1 minute\" \/>\n<script type=\"application\/ld+json\" class=\"yoast-schema-graph\">{\"@context\":\"https:\\\/\\\/schema.org\",\"@graph\":[{\"@type\":\"WebPage\",\"@id\":\"https:\\\/\\\/capscrea.com\\\/index.php\\\/produit\\\/sac-capsules-lola-gm-caramel\\\/\",\"url\":\"https:\\\/\\\/capscrea.com\\\/index.php\\\/produit\\\/sac-capsules-lola-gm-caramel\\\/\",\"name\":\"sac capsules - LOLA. GM Caramel - CAPS CREA\",\"isPartOf\":{\"@id\":\"https:\\\/\\\/capscrea.com\\\/#website\"},\"primaryImageOfPage\":{\"@id\":\"https:\\\/\\\/capscrea.com\\\/index.php\\\/produit\\\/sac-capsules-lola-gm-caramel\\\/#primaryimage\"},\"image\":{\"@id\":\"https:\\\/\\\/capscrea.com\\\/index.php\\\/produit\\\/sac-capsules-lola-gm-caramel\\\/#primaryimage\"},\"thumbnailUrl\":\"https:\\\/\\\/capscrea.com\\\/wp-content\\\/uploads\\\/2025\\\/11\\\/LOLA1-1-scaled.jpg\",\"datePublished\":\"2025-12-26T14:36:29+00:00\",\"dateModified\":\"2025-12-26T14:41:35+00:00\",\"description\":\"Sac unique en capsules de canettes recycl\u00e9es, fabriqu\u00e9 en France. Accessoire durable, \u00e9cologique et artisanal au design original.\",\"breadcrumb\":{\"@id\":\"https:\\\/\\\/capscrea.com\\\/index.php\\\/produit\\\/sac-capsules-lola-gm-caramel\\\/#breadcrumb\"},\"inLanguage\":\"fr-FR\",\"potentialAction\":[{\"@type\":\"ReadAction\",\"target\":[\"https:\\\/\\\/capscrea.com\\\/index.php\\\/produit\\\/sac-capsules-lola-gm-caramel\\\/\"]}]},{\"@type\":\"ImageObject\",\"inLanguage\":\"fr-FR\",\"@id\":\"https:\\\/\\\/capscrea.com\\\/index.php\\\/produit\\\/sac-capsules-lola-gm-caramel\\\/#primaryimage\",\"url\":\"https:\\\/\\\/capscrea.com\\\/wp-content\\\/uploads\\\/2025\\\/11\\\/LOLA1-1-scaled.jpg\",\"contentUrl\":\"https:\\\/\\\/capscrea.com\\\/wp-content\\\/uploads\\\/2025\\\/11\\\/LOLA1-1-scaled.jpg\",\"width\":1920,\"height\":2560},{\"@type\":\"BreadcrumbList\",\"@id\":\"https:\\\/\\\/capscrea.com\\\/index.php\\\/produit\\\/sac-capsules-lola-gm-caramel\\\/#breadcrumb\",\"itemListElement\":[{\"@type\":\"ListItem\",\"position\":1,\"name\":\"Accueil\",\"item\":\"https:\\\/\\\/capscrea.com\\\/\"},{\"@type\":\"ListItem\",\"position\":2,\"name\":\"Boutique\",\"item\":\"https:\\\/\\\/capscrea.com\\\/index.php\\\/boutique-s\\\/\"},{\"@type\":\"ListItem\",\"position\":3,\"name\":\"sac capsules &#8211; LOLA. GM Caramel\"}]},{\"@type\":\"WebSite\",\"@id\":\"https:\\\/\\\/capscrea.com\\\/#website\",\"url\":\"https:\\\/\\\/capscrea.com\\\/\",\"name\":\"CAPS CREA\",\"description\":\"Rien ne se perd tout se transforme !\",\"publisher\":{\"@id\":\"https:\\\/\\\/capscrea.com\\\/#organization\"},\"alternateName\":\"Sacs faits mains\",\"potentialAction\":[{\"@type\":\"SearchAction\",\"target\":{\"@type\":\"EntryPoint\",\"urlTemplate\":\"https:\\\/\\\/capscrea.com\\\/?s={search_term_string}\"},\"query-input\":{\"@type\":\"PropertyValueSpecification\",\"valueRequired\":true,\"valueName\":\"search_term_string\"}}],\"inLanguage\":\"fr-FR\"},{\"@type\":\"Organization\",\"@id\":\"https:\\\/\\\/capscrea.com\\\/#organization\",\"name\":\"CAPS CREA\",\"url\":\"https:\\\/\\\/capscrea.com\\\/\",\"logo\":{\"@type\":\"ImageObject\",\"inLanguage\":\"fr-FR\",\"@id\":\"https:\\\/\\\/capscrea.com\\\/#\\\/schema\\\/logo\\\/image\\\/\",\"url\":\"https:\\\/\\\/capscrea.com\\\/wp-content\\\/uploads\\\/2024\\\/01\\\/cropped-Design-sans-titre-2.png\",\"contentUrl\":\"https:\\\/\\\/capscrea.com\\\/wp-content\\\/uploads\\\/2024\\\/01\\\/cropped-Design-sans-titre-2.png\",\"width\":500,\"height\":450,\"caption\":\"CAPS CREA\"},\"image\":{\"@id\":\"https:\\\/\\\/capscrea.com\\\/#\\\/schema\\\/logo\\\/image\\\/\"},\"sameAs\":[\"https:\\\/\\\/capscrea.com\",\"https:\\\/\\\/x.com\\\/capscrea\"]}]}<\/script>\n<!-- \/ Yoast SEO plugin. -->","yoast_head_json":{"title":"sac capsules - LOLA. GM Caramel - CAPS CREA","description":"Sac unique en capsules de canettes recycl\u00e9es, fabriqu\u00e9 en France. Accessoire durable, \u00e9cologique et artisanal au design original.","robots":{"index":"index","follow":"follow","max-snippet":"max-snippet:-1","max-image-preview":"max-image-preview:large","max-video-preview":"max-video-preview:-1"},"canonical":"https:\/\/capscrea.com\/index.php\/produit\/sac-capsules-lola-gm-caramel\/","og_locale":"fr_FR","og_type":"article","og_title":"sac capsules - LOLA. GM Caramel - CAPS CREA","og_description":"Sac unique en capsules de canettes recycl\u00e9es, fabriqu\u00e9 en France. Accessoire durable, \u00e9cologique et artisanal au design original.","og_url":"https:\/\/capscrea.com\/index.php\/produit\/sac-capsules-lola-gm-caramel\/","og_site_name":"CAPS CREA","article_publisher":"https:\/\/capscrea.com","article_modified_time":"2025-12-26T14:41:35+00:00","og_image":[{"width":1920,"height":2560,"url":"https:\/\/capscrea.com\/wp-content\/uploads\/2025\/11\/LOLA1-1-scaled.jpg","type":"image\/jpeg"}],"twitter_card":"summary_large_image","twitter_site":"@capscrea","twitter_misc":{"Dur\u00e9e de lecture estim\u00e9e":"1 minute"},"schema":{"@context":"https:\/\/schema.org","@graph":[{"@type":"WebPage","@id":"https:\/\/capscrea.com\/index.php\/produit\/sac-capsules-lola-gm-caramel\/","url":"https:\/\/capscrea.com\/index.php\/produit\/sac-capsules-lola-gm-caramel\/","name":"sac capsules - LOLA. GM Caramel - CAPS CREA","isPartOf":{"@id":"https:\/\/capscrea.com\/#website"},"primaryImageOfPage":{"@id":"https:\/\/capscrea.com\/index.php\/produit\/sac-capsules-lola-gm-caramel\/#primaryimage"},"image":{"@id":"https:\/\/capscrea.com\/index.php\/produit\/sac-capsules-lola-gm-caramel\/#primaryimage"},"thumbnailUrl":"https:\/\/capscrea.com\/wp-content\/uploads\/2025\/11\/LOLA1-1-scaled.jpg","datePublished":"2025-12-26T14:36:29+00:00","dateModified":"2025-12-26T14:41:35+00:00","description":"Sac unique en capsules de canettes recycl\u00e9es, fabriqu\u00e9 en France. Accessoire durable, \u00e9cologique et artisanal au design original.","breadcrumb":{"@id":"https:\/\/capscrea.com\/index.php\/produit\/sac-capsules-lola-gm-caramel\/#breadcrumb"},"inLanguage":"fr-FR","potentialAction":[{"@type":"ReadAction","target":["https:\/\/capscrea.com\/index.php\/produit\/sac-capsules-lola-gm-caramel\/"]}]},{"@type":"ImageObject","inLanguage":"fr-FR","@id":"https:\/\/capscrea.com\/index.php\/produit\/sac-capsules-lola-gm-caramel\/#primaryimage","url":"https:\/\/capscrea.com\/wp-content\/uploads\/2025\/11\/LOLA1-1-scaled.jpg","contentUrl":"https:\/\/capscrea.com\/wp-content\/uploads\/2025\/11\/LOLA1-1-scaled.jpg","width":1920,"height":2560},{"@type":"BreadcrumbList","@id":"https:\/\/capscrea.com\/index.php\/produit\/sac-capsules-lola-gm-caramel\/#breadcrumb","itemListElement":[{"@type":"ListItem","position":1,"name":"Accueil","item":"https:\/\/capscrea.com\/"},{"@type":"ListItem","position":2,"name":"Boutique","item":"https:\/\/capscrea.com\/index.php\/boutique-s\/"},{"@type":"ListItem","position":3,"name":"sac capsules &#8211; LOLA. GM Caramel"}]},{"@type":"WebSite","@id":"https:\/\/capscrea.com\/#website","url":"https:\/\/capscrea.com\/","name":"CAPS CREA","description":"Rien ne se perd tout se transforme !","publisher":{"@id":"https:\/\/capscrea.com\/#organization"},"alternateName":"Sacs faits mains","potentialAction":[{"@type":"SearchAction","target":{"@type":"EntryPoint","urlTemplate":"https:\/\/capscrea.com\/?s={search_term_string}"},"query-input":{"@type":"PropertyValueSpecification","valueRequired":true,"valueName":"search_term_string"}}],"inLanguage":"fr-FR"},{"@type":"Organization","@id":"https:\/\/capscrea.com\/#organization","name":"CAPS CREA","url":"https:\/\/capscrea.com\/","logo":{"@type":"ImageObject","inLanguage":"fr-FR","@id":"https:\/\/capscrea.com\/#\/schema\/logo\/image\/","url":"https:\/\/capscrea.com\/wp-content\/uploads\/2024\/01\/cropped-Design-sans-titre-2.png","contentUrl":"https:\/\/capscrea.com\/wp-content\/uploads\/2024\/01\/cropped-Design-sans-titre-2.png","width":500,"height":450,"caption":"CAPS CREA"},"image":{"@id":"https:\/\/capscrea.com\/#\/schema\/logo\/image\/"},"sameAs":["https:\/\/capscrea.com","https:\/\/x.com\/capscrea"]}]}},"jetpack_sharing_enabled":true,"_links":{"self":[{"href":"https:\/\/capscrea.com\/index.php\/wp-json\/wp\/v2\/product\/1159","targetHints":{"allow":["GET"]}}],"collection":[{"href":"https:\/\/capscrea.com\/index.php\/wp-json\/wp\/v2\/product"}],"about":[{"href":"https:\/\/capscrea.com\/index.php\/wp-json\/wp\/v2\/types\/product"}],"replies":[{"embeddable":true,"href":"https:\/\/capscrea.com\/index.php\/wp-json\/wp\/v2\/comments?post=1159"}],"wp:featuredmedia":[{"embeddable":true,"href":"https:\/\/capscrea.com\/index.php\/wp-json\/wp\/v2\/media\/1122"}],"wp:attachment":[{"href":"https:\/\/capscrea.com\/index.php\/wp-json\/wp\/v2\/media?parent=1159"}],"wp:term":[{"taxonomy":"product_brand","embeddable":true,"href":"https:\/\/capscrea.com\/index.php\/wp-json\/wp\/v2\/product_brand?post=1159"},{"taxonomy":"product_cat","embeddable":true,"href":"https:\/\/capscrea.com\/index.php\/wp-json\/wp\/v2\/product_cat?post=1159"},{"taxonomy":"product_tag","embeddable":true,"href":"https:\/\/capscrea.com\/index.php\/wp-json\/wp\/v2\/product_tag?post=1159"}],"curies":[{"name":"wp","href":"https:\/\/api.w.org\/{rel}","templated":true}]}}